p) = -3*p + 3. Let n be x(6). Let r = n + 34. What is the tens digit of r?
1
Suppose -c + 0*c = -4*p + 48, 5*c = 0. What is the tens digit of p?
1
Suppose 5*v - 212 = 3*t, 81 = 2*v - 2*t - 3*t. What is the tens digit of v?
4
Let c(f) = 1. Let n(t) = -14*t - 7. Let k(q) = -6*c(q) - n(q). What is the units digit of k(2)?
9
Let i = 10 + -7. Suppose -3*j = i, 2*g + j = -g + 17. Suppose 0 = -4*t + 14 + g. What is the units digit of t?
5
What is the units digit of (7 + -5)/(1/2)?
4
Let o(q) = q**2 - 20. What is the hundreds digit of o(12)?
1
Suppose 2*z - 3 = -2*m + 1, 0 = 3*z - 3*m. What is the units digit of (-12)/(z/((-4)/3))?
6
Suppose 0 = -i - i - 20. Let a be (-32)/i*(4 - -1). What is the units digit of (-3)/4 + 124/a?
7
Let q = 17 - 4. What is the units digit of q?
3
Let u = 2 + -2. Suppose 2*v = -3*r - 7, -3*r - v = -8*r + 10. Let w = u + r. What is the units digit of w?
1
Let p = -30 + 35. What is the units digit of p?
5
Let f(o) = -o**2 - 4*o + 4. Let l be f(-3). Let w be 12/20 + l/5. Suppose -2 = y, p - 10 = -6*y + w*y. What is the tens digit of p?
1
What is the units digit of (-2)/(-6) + (-4064)/(-48)?
5
Let a(u) = 32*u**2 - u. Suppose -2*k - 4 + 10 = -2*z, 5*z = -4*k + 21. What is the units digit of a(z)?
1
Suppose -b + 5*b = 64. Suppose 4*k - 3 = l, -3*l = -2*k - 1 - 0. What is the units digit of ((-6)/(-8))/(k/b)?
2
Let f = 17 - 0. Let a = 7 + f. What is the units digit of a?
4
Let j = -1 - -5. Suppose 3 = j*u - 5. Suppose 0 = u*p - 3*p - 3*f + 17, 3*p = 2*f + 7. What is the units digit of p?
5
Let n = -8 - -14. Let r be (8/n)/((-3)/36). What is the units digit of -5*r/(-10)*-1?
8
Let p(q) be the second derivative of -q**3/6 + 6*q**2 + q. Suppose 2*f - 2*i = 4 + 18, 0 = -2*i - 4. What is the units digit of p(f)?
3
Suppose 2*k - k = 2. Suppose -2*l - 2*l - k*n + 196 = 0, 0 = -2*l + n + 90. What is the tens digit of l?
4
Let w = 3 - 9. What is the tens digit of (-182)/w - (-8)/12?
3
What is the tens digit of (-506)/(-7) + (-24)/84?
7
Let f(v) be the first derivative of -v**2/2 + 8*v + 26. Let i(z) = -z - 4. Let d be i(5). What is the units digit of f(d)?
7
Let g = -5 - -20. What is the units digit of g/(0 + 1) + -1?
4
Suppose -2*t + 1190 = 5*t. What is the hundreds digit of t?
1
Suppose -3*d + 0*d - 29 = -5*z, 5*z = -3*d + 11. Let s = z + 1. What is the units digit of s?
5
Suppose 0 = -2*c - 2. Let s be c/(1 + 5/(-4)). Suppose 34 + 38 = s*k. What is the units digit of k?
8
Suppose -861 = 7*b - 10*b. What is the hundreds digit of b?
2
Suppose 0 = -i - 0*i + 78. What is the units digit of i?
8
Let h(i) = i**3 - 5*i**2. Let l be h(5). Suppose l = 14*b - 6*b - 176. What is the units digit of b?
2
Let d = -3 - -4. Suppose -2*v = 3*k + d, 0 = -6*k + 2*k + 3*v + 27. What is the units digit of (30/k)/2 - -3?
8
What is the units digit of (-1)/(2*2/876)*-1?
9
Let u(p) = -p**3 + 7*p - 3 + p**2 + 5*p**2 - 6*p**2 + 5*p**2. What is the units digit of u(6)?
3
Let b(l) = -l**2 + l - 58. Let u be b(0). Let r = -40 - u. What is the tens digit of r?
1
Let h be (-2)/(((-4)/(-6))/(-1)). Suppose u = -h*g + 5*u + 37, 0 = 3*u + 3. Suppose -g = 4*y - 51. What is the tens digit of y?
1
Suppose -340 = -2*o - 2*b, -b - 805 = -5*o + 3*b. What is the units digit of o?
5
Let r(z) be the second derivative of -z**7/2520 + z**6/144 + z**5/20 + z**4/6 + 2*z. Let i(a) be the third derivative of r(a). What is the units digit of i(5)?
6
Let v = 55 - 18. What is the units digit of v?
7
Let b = -8 - -15. Suppose 0 = -p + q + b, q + 9 = -2*q. Suppose p*v - 57 = -9. What is the units digit of v?
2
Suppose -7*d + 2*d + 55 = 0. What is the tens digit of d?
1
Let z be (-42)/9*54/(-21). Let d be 2*1 - (z - 9). What is the tens digit of (-1)/((3/54)/d)?
1
Let w = -5 + 9. Suppose w*u + u - 155 = 0. Let s = u + -22. What is the units digit of s?
9
Let f be (-186)/(-10) + (-20)/(-50). Let z = 53 - f. What is the tens digit of z?
3
Suppose 6*w + 138 = 510. What is the units digit of w?
2
Let s(p) = p**3 - 4*p**2 - 6*p + 6. Let m(n) = -10*n - 1. Let o be m(-1). Let h = o + -4. What is the units digit of s(h)?
1
Suppose -2*i + 45 = 9. Let j = 4 + i. What is the units digit of j?
2
Let i = -91 + 160. What is the units digit of i?
9
Let c(h) = 15*h + 15*h + 8*h - 10*h. What is the tens digit of c(1)?
2
Let t = 139 + -43. What is the units digit of (t/(-8))/((-4)/6)?
8
Let b be (56/10)/((-6)/(-15)). Let u = b - 6. What is the units digit of u?
8
Suppose 0 = -u - 2*u + 9. Suppose 5*r + 3 = 6*r + h, 2*h - u = r. What is the units digit of 11*(0 + 1)*r?
1
Suppose -10*z - 2616 = -18*z. What is the tens digit of z?
2
Let x = 173 - -1. What is the hundreds digit of x?
1
Suppose -r - 405 = -5*z + 209, -z + r + 126 = 0. What is the tens digit of z?
2
What is the units digit of (5 - 4) + 2 + 42?
5
Let t(i) = i**2 - 3*i - 4. Let s be t(4). Suppose -r + 5 = s, -2*b = -b + 3*r - 17. What is the units digit of b?
2
Suppose 0 = -3*v + t + 16, 0 = 3*v + v - 5*t - 3. Suppose 147 = v*o - 4*o. What is the units digit of o?
9
What is the units digit of (-7 - -3 - -81) + -1?
6
Suppose 0 = -3*y + 3*h + 324, -407 - 10 = -4*y + h. What is the units digit of y?
3
Suppose 4*h + 247 = -j, -169 = h + 2*h + 4*j. What is the tens digit of (-616)/h + 4/18?
1
What is the units digit of ((-12)/(-9))/(650/(-165) - -4)?
2
Let b(d) = -5*d**3 + 3*d**2 + 4*d - 1. Let l be b(3). Let q = -53 - l. What is the units digit of q?
4
Suppose 3*b + 8 = -l - 6, -4*l - 29 = 3*b. What is the units digit of (3 - 1) + b + 3?
2
Let w(k) = 7*k + 15. Let a(i) = -3*i - 7. Let q(y) = -5*a(y) - 2*w(y). What is the units digit of q(4)?
9
Let h(l) = l**3 - 9*l**2 - 6*l - 23. What is the units digit of h(10)?
7
Suppose 0*h + h - 29 = 5*u, 4*u + 4 = -4*h. What is the units digit of (u - -2)*(-10)/6?
5
Suppose -2*a + 6 = a. Suppose 0 = -0*m - a*m. Suppose m = w - 4*w + 6. What is the units digit of w?
2
Let m(b) = b**2 + 5*b + 16. What is the units digit of m(-5)?
6
Suppose -13*l = -11*l - 86. What is the tens digit of l?
4
Suppose 3*g - 2*q = 541, 0 = 5*g - 8*q + 4*q - 903. What is the tens digit of g?
7
Let u = 6 + -1. Suppose u*m + 0 - 15 = 0. What is the units digit of m?
3
What is the units digit of (28/4)/(-1 - -2)?
7
Suppose 0 = -4*f - 4*u + 260, 3*f - 249 + 44 = 2*u. What is the tens digit of f?
6
Let n = 9 + 29. Let y = 47 + -70. Let t = n + y. What is the tens digit of t?
1
Suppose -v + 8 = 3. Suppose 5 + 10 = v*g. Suppose 0 = g*w - 12 - 27. What is the tens digit of w?
1
Suppose -3*l + 17 = p - 2, l = -4*p + 87. Suppose 5*b + p = -18. What is the units digit of b/(-6) + 4/6?
2
Let t = -41 - -62. What is the units digit of t?
1
Suppose -w + 2 = w. What is the units digit of w?
1
Let g = 145 - 103. What is the tens digit of g?
4
What is the units digit of 2/(3*3/36)?
8
Let v = 56 + -9. What is the tens digit of v?
4
Let y be (4 - 2) + 4 + -1. Suppose 2*q - 1 = -y. Let h = q + 3. What is the units digit of h?
1
What is the units digit of (-2 + 1)*(1 - 2 - 88)?
9
Let o = 4 + 1. Suppose -101 = -o*z + 24. What is the units digit of z?
5
Let p(f) = 2*f**2 - f + 11. Let m(t) = t**3 + t**2 - 1. Let v(g) = -m(g) + p(g). What is the tens digit of v(0)?
1
Let u be (-2)/(-4) - (-12)/8. Suppose -12 = -5*w + 2*b, b + 12 = 2*w + u*w. What is the units digit of w?
4
Let y = -7 + 11. Let m = -1 + y. What is the units digit of m?
3
Let u be -1 + (-3 - 4/(-2)). Let j = 17 - u. Suppose -o = -j + 8. What is the units digit of o?
1
Let a be -1*1*(-12 - -8). What is the units digit of -1*a*3/(-6)?
2
What is the units digit of (6/(-4))/(-3)*12?
6
Let u = 3 - 4. Let p = u - -3. Suppose 5*k + s = p*s + 22, s = 2*k - 10. What is the units digit of k?
4
Let n = -94 - -186. What is the units digit of n?
2
Suppose 0 = -7*d + 57 + 1175. What is the units digit of d?
6
Suppose 4*x - 5*n - 3 = 3*x, -5*x = 5*n + 15. Let q be ((-6)/5)/(x/15). Suppose -2*v + q = -1. What is the units digit of v?
5
Let i(x) = -x**3 + 9*x**2 + x - 7. Let r be i(9). Let n be (6/(-10))/(r/(-20)). What is the units digit of (n/(-4))/(3/(-8))?
4
Let f(z) = 332*z**2 + z + 1. What is the tens digit of f(-1)?
3
Suppose 0 = -4*w + 20, -3*w = -4*i + 1 - 0. Suppose 5*v - 4*t - 196 = 0, -t = 3*t - i. What is the tens digit of v?
4
Suppose 5*r - 10*r + 280 = 0. What is the tens digit of r?
5
Let q = -14